30538347603 prime?
False
Is 7262034539 composite?
True
Is 22928498977 a composite number?
False
Is 1009078762 prime?
False
Is 65053689893 a composite number?
True
Is 20632915913 a prime number?
True
Is 349620571 composite?
True
Is 4896937657 prime?
True
Is 2490617953 a composite number?
True
Is 13043426381 a prime number?
False
Is 665814599 a composite number?
False
Is 8929489 a composite number?
True
Is 72636023599 a composite number?
True
Is 2499291761 a prime number?
False
Is 36751983 composite?
True
Is 59410439281 a prime number?
False
Is 313958851 prime?
False
Is 33053404247 prime?
True
Is 9291352813 composite?
False
Is 535843961 a prime number?
False
Is 329226271 composite?
True
Is 7039134829 composite?
False
Is 14639295113 a composite number?
False
Is 6921750383 a prime number?
False
Is 531227819 a composite number?
False
Is 6771948509 composite?
False
Is 585473233 composite?
True
Is 2509196731 composite?
True
Is 2951045593 a prime number?
False
Is 12844437373 composite?
False
Is 1117145173 a prime number?
True
Is 20075340041 composite?
True
Is 73173344201 prime?
True
Is 6167757391 prime?
True
Is 762627061 prime?
False
Is 224195040019 prime?
True
Is 1958034707 a prime number?
False
Is 860787529 composite?
True
Is 217495633 composite?
False
Is 2845520891 prime?
False
Is 2140633633 a prime number?
True
Is 1643695033 composite?
True
Is 1405509563 a composite number?
True
Is 278843230207 composite?
False
Is 162782969 composite?
False
Is 111997747 a prime number?
False
Is 944087791 prime?
False
Is 2883026499 a composite number?
True
Is 29309967113 composite?
True
Is 27024454517 composite?
True
Is 3366869921 a prime number?
False
Is 181630279 composite?
True
Is 968586719 a composite number?
False
Is 895729759 a composite number?
True
Is 18195229631 prime?
False
Is 11099928817 a prime number?
False
Is 308776774 a prime number?
False
Is 547251209 a composite number?
False
Is 15583572739 a prime number?
False
Is 7913028265 composite?
True
Is 17455621474 composite?
True
Is 9061963649 a composite number?
False
Is 380198869 prime?
True
Is 63998880971 composite?
True
Is 3063079546 prime?
False
Is 5846323303 prime?
True
Is 4939594441 composite?
True
Is 14239651567 a prime number?
True
Is 470781775391 a composite number?
False
Is 2702693431 a prime number?
False
Is 1815536941 a prime number?
False
Is 2177660389 composite?
False
Is 11932921646 prime?
False
Is 129206796337 a prime number?
True
Is 25049704213 a prime number?
False
Is 3778278983 a composite number?
False
Is 17531686297 composite?
False
Is 1252958501 prime?
True
Is 10766190823 composite?
False
Is 6541572959 a composite number?
True
Is 123545561021 composite?
True
Is 991150001 a composite number?
False
Is 5419518319 composite?
False
Is 54574782293 a composite number?
False
Is 3485424367 composite?
True
Is 17121527251 a composite number?
False
Is 8139869293 a composite number?
True
Is 31854963757 composite?
False
Is 303471834989 a composite number?
False
Is 119192909587 a composite number?
True
Is 5019546079 prime?
True
Is 5589960143 prime?
False
Is 784427381 a prime number?
True
Is 65622550657 a composite number?
False
Is 13266003389 a prime number?
True
Is 81053656223 composite?
False
Is 146299291694 a composite number?
True
Is 942898799 a prime number?
True
Is 18501258649 composite?
False
Is 646725139 a composite number?
False
Is 1341295871 prime?
True
Is 1799003851 composite?
True
Is 5765129999 a composite number?
True
Is 10532376181 composite?
True
Is 40601766341 prime?
False
Is 13590175337 prime?
True
Is 14541670657 a composite number?
False
Is 33038487179 a composite number?
False
Is 6125899387 composite?
True
Is 279709747 composite?
False
Is 2552403167 a prime number?
False
Is 1200954281 a composite number?
True
Is 3836305201 composite?
True
Is 1916555483 prime?
True
Is 2057921119 a prime number?
True
Is 935498261 composite?
False
Is 29141181887 prime?
True
Is 2010834457 composite?
False
Is 3706606789 a prime number?
False
Is 2237153579 composite?
True
Is 178877053 prime?
True
Is 509339359 a composite number?
True
Is 1554008059 a prime number?
True
Is 594695399 a prime number?
True
Is 4787702789 prime?
True
Is 21972066247 prime?
True
Is 3486226621 composite?
False
Is 13644841281 a prime number?
False
Is 4753759811 a composite number?
True
Is 1153358669 a composite number?
False
Is 47668238159 a composite number?
False
Is 551066519689 a composite number?
True
Is 6693978971 prime?
True
Is 30974040199 a prime number?
True
Is 185026943947 a prime number?
True
Is 7286788963 composite?
False
Is 196420222451 composite?
True
Is 1189827127 a composite number?
True
Is 3118502173 composite?
True
Is 5141897581 prime?
True
Is 9155293201 a prime number?
False
Is 293908547 prime?
False
Is 247508971 a prime number?
True
Is 1425666061 a composite number?
False
Is 18500198641 a composite number?
False
Is 73201313777 composite?
True
Is 944346371 composite?
False
Is 2713756439 prime?
True
Is 132751794661 prime?
False
Is 1037074261 composite?
False
Is 472871363 a composite number?
False
Is 18121614799 prime?
False
Is 444472661 a prime number?
False
Is 440354713 composite?
False
Is 6036929131 composite?
True
Is 127566887 composite?
True
Is 292785287 composite?
False
Is 257045233 prime?
True
Is 939487531 a prime number?
True
Is 261939463 composite?
True
Is 346193767 prime?
False
Is 2545580861 composite?
False
Is 7839854467 a prime number?
True
Is 341826409 a prime number?
False
Is 4623344261 a prime number?
True
Is 11003987777 composite?
False
Is 4129061317 a prime number?
False
Is 10653106161 prime?
False
Is 64889450819 composite?
True
Is 5268499441 a prime number?
False
Is 110251958969 composite?
False
Is 1520486767 a prime number?
False
Is 5633938094 composite?
True
Is 918651259 a prime number?
True
Is 5895432077 composite?
False
Is 682998359 a prime number?
False
Is 30852814357 a composite number?
False
Is 17167359659 a composite number?
False
Is 3157037659 a composite number?
True
Is 3983549 a prime number?
False
Is 2123086873 composite?
False
Is 40292572637 prime?
True
Is 131693609539 a composite number?
False
Is 36323332873 a prime number?
False
Is 5990643629 composite?
True
Is 11121508462 composite?
True
Is 675766543 a prime number?
False
Is 1462243399 prime?
True
Is 29248889353 composite?
False
Is 311953231 prime?
False
Is 2589698833 a prime number?
True
Is 30234236017 a composite number?
False
Is 201518351 a prime number?
False
Is 55999970837 a prime number?
True
Is 22165483981 composite?
True
Is 19722739373 a composite number?
False
Is 889588603 composite?
True
Is 3009916727 a composite number?
False
Is 19624571963 a composite number?
False
Is 543026677 prime?
True
Is 566601103 a prime number?
True
Is 306281203 a prime number?
True
Is 452040961 composite?
True
Is 214501613 a prime number?
True
Is 3122156251 composite?
False
Is 10937029739 a prime number?
False
Is 441284983 composite?
False
Is 1729737281 a composite number?
False
Is 40000084469 a composite number?
True
Is 103303915453 prime?
False
Is 7771240417 composite?
False
Is 12106235201 prime?
True
Is 8770026381 a prime number?
False
Is 6756171969 a composite number?
True
Is 179222359 composite?
False
Is 66515837681 prime?
True
Is 1702396274 a prime number?
False
Is 1328760397 a prime number?
False
Is 9552091987 composite?
False
Is 40481303627 prime?
True
Is 1492509091 a composite number?
False
Is 17298887 composite?
True
Is 4128935989 a composite number?
True
Is 50710224013 a composite number?
False
Is 8167287917 prime?
False
Is 36851093 composite?
False
Is 15911921657 a prime number?
False
Is 329935189687 composite?
True
Is 3094681937 composite?
False
Is 1026006127 a prime number?
True
Is 1606146371 a prime number?
True
Is 29619612551 composite?
False
Is 17918336197 a composite number?
False
Is 2309894207 prime?
True
Is 464781061 composite?
False
Is 501098501 a composite number?
True
Is 958504139 a composite number?
True
Is 1797693307 prime?
False
Is 37726393589 prime?
True
Is 7771028971 composite?
False
Is 5115059 prime?
False
Is 2064888041 a composite number?
True
Is 36300235287 a prime number?
False
Is 23778542357 prime?
True
Is 1036637845 prime?
False
Is 207562126 composite?
True
Is 36937968409 prime?
True
Is 2148396077 prime?
Fa